True
Is 101245 composite?
True
Is 126903457 a composite number?
False
Is 141540977 prime?
True
Is 9521987 a composite number?
True
Is 2342201 composite?
False
Is 3827003 composite?
False
Is 50385619 composite?
False
Is 8843141 prime?
True
Is 105202231 composite?
False
Is 119762446 a prime number?
False
Is 403266179 prime?
True
Is 1620959 prime?
False
Is 56995343 a composite number?
False
Is 6211159 a prime number?
True
Is 18793127 composite?
True
Is 112730869 prime?
True
Is 18754817 a composite number?
False
Is 6877261 prime?
True
Is 59305177 a prime number?
True
Is 27971263 composite?
False
Is 4925299 prime?
True
Is 1476665 a composite number?
True
Is 8462911 a composite number?
False
Is 7634467 a composite number?
False
Is 11857295 a composite number?
True
Is 24660151 composite?
False
Is 68901271 prime?
False
Is 6499945 a prime number?
False
Is 13714265 a composite number?
True
Is 16815787 composite?
True
Is 139239691 prime?
True
Is 14453573 a composite number?
False
Is 70175983 a prime number?
False
Is 2608159 composite?
False
Is 20760933 prime?
False
Is 1246057 a composite number?
False
Is 41162131 a composite number?
False
Is 3034217 prime?
True
Is 2791531 composite?
False
Is 34109113 prime?
True
Is 2112409 a composite number?
True
Is 20609807 composite?
True
Is 17745451 composite?
True
Is 118621 a prime number?
True
Is 937216001 prime?
False
Is 1348157 a prime number?
True
Is 1836502727 composite?
False
Is 6555067 composite?
False
Is 251992957 a prime number?
True
Is 11065673 a prime number?
True
Is 276443077 a prime number?
True
Is 284992447 composite?
True
Is 4018799 a composite number?
False
Is 11252791 a prime number?
False
Is 3436535 a composite number?
True
Is 1653991 a prime number?
False
Is 1106719 composite?
True
Is 16647197 prime?
False
Is 2687473 prime?
True
Is 581851 a prime number?
False
Is 1195847 a composite number?
True
Is 3207395 composite?
True
Is 290430083 composite?
False
Is 5419051 a composite number?
True
Is 286103 composite?
False
Is 4497431 composite?
False
Is 12445339 prime?
True
Is 1230557 a composite number?
True
Is 19369213 a prime number?
True
Is 3248255 prime?
False
Is 43307597 a composite number?
True
Is 1912219 a composite number?
True
Is 27620735 a prime number?
False
Is 7663319 prime?
True
Is 196718073 prime?
False
Is 1284889 prime?
True
Is 3660109 a prime number?
True
Is 3809369 prime?
True
Is 380270167 a composite number?
True
Is 153989557 a prime number?
False
Is 2346577 a composite number?
True
Is 46112513 composite?
True
Is 145304663 prime?
False
Is 28746463 prime?
True
Is 20030567 a composite number?
True
Is 6478187 composite?
False
Is 60357317 composite?
True
Is 6312443 a composite number?
True
Is 5962919 a prime number?
True
Is 1241243 composite?
False
Is 90137149 composite?
True
Is 41518 prime?
False
Is 53241469 composite?
False
Is 503837965 a prime number?
False
Is 117324481 a composite number?
False
Is 372797 composite?
False
Is 15233357 composite?
False
Is 250377667 a composite number?
False
Is 3472565 prime?
False
Is 104155199 prime?
True
Is 111572837 prime?
True
Is 18017617 a prime number?
False
Is 75398189 composite?
False
Is 2242479 a composite number?
True
Is 66026579 composite?
False
Is 50687141 prime?
True
Is 25960083 a prime number?
False
Is 47431027 a composite number?
True
Is 328627297 a composite number?
False
Is 278699129 a prime number?
False
Is 109957271 a prime number?
False
Is 435436847 prime?
True
Is 75777283 prime?
True
Is 18196019 a prime number?
True
Is 17627881 prime?
True
Is 85753649 a prime number?
False
Is 13503791 a prime number?
False
Is 784697 prime?
True
Is 1409189 prime?
False
Is 7383979 a prime number?
False
Is 130408107 prime?
False
Is 2578343 composite?
False
Is 97393414 composite?
True
Is 51035407 a composite number?
False
Is 81331577 prime?
False
Is 926411 prime?
True
Is 1338187 prime?
False
Is 334413619 a composite number?
False
Is 40724611 a prime number?
False
Is 6258107 prime?
True
Is 1674011 prime?
True
Is 7096883 prime?
False
Is 32138411 prime?
False
Is 35012129 a composite number?
True
Is 640727 prime?
True
Is 6995 a composite number?
True
Is 10696141 prime?
True
Is 19318237 prime?
False
Is 173669783 composite?
True
Is 2266553 composite?
True
Is 30956957 a prime number?
False
Is 266333755 composite?
True
Is 33994991 prime?
True
Is 38002699 prime?
False
Is 1559807 prime?
True
Is 4247809 prime?
True
Is 173504027 prime?
True
Is 5009233 a composite number?
False
Is 33367189 composite?
True
Is 5028029 prime?
False
Is 6310951 a prime number?
False
Is 28724117 prime?
True
Is 10263787 a composite number?
True
Is 6668549 prime?
True
Is 173830001 a composite number?
False
Is 227726035 composite?
True
Is 107509379 a composite number?
False
Is 51763837 a prime number?
True
Is 12931045 composite?
True
Is 2326991 prime?
True
Is 2991701 a composite number?
False
Is 102618967 composite?
True
Is 19711609 a composite number?
True
Is 25570723 composite?
True
Is 41640049 a composite number?
True
Is 2131435 a composite number?
True
Is 21477889 composite?
False
Is 3274601 composite?
True
Is 5099357 a prime number?
True
Is 5703869 a prime number?
False
Is 106708897 composite?
True
Is 1712617 prime?
True
Is 7441859 a composite number?
True
Is 1533453 a prime number?
False
Is 35335129 a composite number?
True
Is 2147009 composite?
False
Is 33716897 composite?
False
Is 16056559 a composite number?
True
Is 12539597 a composite number?
True
Is 71507039 prime?
True
Is 996780599 a composite number?
True
Is 421746697 a composite number?
False
Is 18032101 composite?
False
Is 6959257 a composite number?
False
Is 129753929 a prime number?
True
Is 4054441 composite?
True
Is 10326819 prime?
False
Is 1510851587 prime?
False
Is 16792021 a prime number?
True
Is 753605 a prime number?
False
Is 20007073 composite?
True
Is 73914067 prime?
True
Is 151961 composite?
True
Is 34039853 composite?
True
Is 66942353 a composite number?
True
Is 245324299 a composite number?
True
Is 107871473 prime?
True
Is 1169673 prime?
False
Is 46518223 a prime number?
True
Is 61418597 a composite number?
True
Is 4978483 prime?
True
Is 157466527 a composite number?
True
Is 17427463 prime?
False
Is 682517 prime?
False
Is 9042331 composite?
False
Is 425254 a prime number?
False
Is 4764093 a prime number?
False
Is 121712167 a prime number?
True
Is 1325449 a composite number?
False
Is 146812403 prime?
False
Is 4771093 prime?
True
Is 148350323 a prime number?
False
Is 16114591 prime?
False
Is 26016293 a composite number?
True
Is 16426549 prime?
False
Is 398999947 prime?
True
Is 28747021 a composite number?
False
Is 39062941 a prime number?
True
Is 258528937 prime?
True
Is 6541477 composite?
False
Is 299158 a prime number?
False
Is 46644163 a prime number?
False
Is 34166191 prime?
False
Is 698181559 composite?
False
Is 108158221 a composite number?
False
Is 6316889 a composite number?
False
Is 22554449 prime?
True
Is 225702403 composite?
False
Is 4317853 a composite number?
False
Is 2941285 a prime number?
False
Is 61209347 a prime number?
True
Is 1613471 composite?
False
Is 2825461 composite?
False
Is 119128091 composite?
True
Is 549193 a prime number?
True
Is 2480027 composite?
True
Is 7100561 a composite number?
True
Is 148430563 a composite number?
False
Is 49721333 prime?
False
Is 24906541 composite?
True
Is 676902509 prime?
True
Is 3772159 a composite number?
True
Is 1624517 composite?
True
Is 11071939 a prime number?
False
Is 21372977 a composite number?
False
Is 3533489 a prime number?
True
Is 63446189 prime?
False
Is 92943881 a composite number?
False
Is 130951487 a prime number?
True
Is 4994437 a prime number?
False
Is 157373303 prime?
True
Is 14621699 prime?
True
Is 48864279 a composite number?
True
Is 7230023 prime?
True
Is 5354747 a composite number?
True
Is 179971 composite?
True
Is 112590203 prime?
False
Is 8378173 a composite number?
True
Is 57873547 a composite number?
False
Is 1237993 composite?
False
Is 2832421 a composite number?
True
Is 885303587 a composite number?
True
Is 56373571 composite?
False
Is 68225387 composite?
False
Is 1341705241 a prime number?
True
Is 327227603 prime?
True
Is 133317479 prime?
False
Is 5184343 composite?
False
Is 14035837 prime?
True
Is 1323236787 prime?
False
Is 1736